{"id":33,"date":"2017-07-24T17:40:07","date_gmt":"2017-07-24T15:40:07","guid":{"rendered":"http:\/\/boulevard-badlauterberg.com\/?page_id=33"},"modified":"2026-01-21T15:46:15","modified_gmt":"2026-01-21T14:46:15","slug":"termine","status":"publish","type":"page","link":"https:\/\/boulevard-badlauterberg.com\/index.php\/termine\/","title":{"rendered":"Termine"},"content":{"rendered":"<p>Termine f\u00fcr das Jahr 2026:<\/p>\n<ul>\n<li>29.03: offener Sonntag<\/li>\n<li>02. und 03. Mai: Fr\u00fchlingsfest und Happening<\/li>\n<li>23.-25.07: Weinfest<\/li>\n<li>26.09 und 27.09: Herbstfest und Happening<\/li>\n<li>18.10: offener Sonntag<\/li>\n<li>27.12: offener Sonntag<\/li>\n<\/ul>\n<p>Angaben ohne Gew\u00e4hr. Es k\u00f6nnen noch kurzfristige \u00c4nderungen stattfinden.\u00a0\u00a0 Stand 15.01.2026<\/p>\n","protected":false},"excerpt":{"rendered":"<p>Termine f\u00fcr das Jahr 2026: 29.03: offener Sonntag 02. und 03. Mai: Fr\u00fchlingsfest und Happening 23.-25.07: Weinfest 26.09 und 27.09: Herbstfest und Happening 18.10: offener Sonntag 27.12: offener Sonntag Angaben ohne Gew\u00e4hr. Es k\u00f6nnen noch kurzfristige \u00c4nderungen stattfinden.\u00a0\u00a0 Stand 15.01.2026<\/p>\n","protected":false},"author":1,"featured_media":0,"parent":0,"menu_order":0,"comment_status":"closed","ping_status":"closed","template":"","meta":{"footnotes":""},"class_list":["post-33","page","type-page","status-publish","hentry"],"_links":{"self":[{"href":"https:\/\/boulevard-badlauterberg.com\/index.php\/wp-json\/wp\/v2\/pages\/33","targetHints":{"allow":["GET"]}}],"collection":[{"href":"https:\/\/boulevard-badlauterberg.com\/index.php\/wp-json\/wp\/v2\/pages"}],"about":[{"href":"https:\/\/boulevard-badlauterberg.com\/index.php\/wp-json\/wp\/v2\/types\/page"}],"author":[{"embeddable":true,"href":"https:\/\/boulevard-badlauterberg.com\/index.php\/wp-json\/wp\/v2\/users\/1"}],"replies":[{"embeddable":true,"href":"https:\/\/boulevard-badlauterberg.com\/index.php\/wp-json\/wp\/v2\/comments?post=33"}],"version-history":[{"count":62,"href":"https:\/\/boulevard-badlauterberg.com\/index.php\/wp-json\/wp\/v2\/pages\/33\/revisions"}],"predecessor-version":[{"id":868,"href":"https:\/\/boulevard-badlauterberg.com\/index.php\/wp-json\/wp\/v2\/pages\/33\/revisions\/868"}],"wp:attachment":[{"href":"https:\/\/boulevard-badlauterberg.com\/index.php\/wp-json\/wp\/v2\/media?parent=33"}],"curies":[{"name":"wp","href":"https:\/\/api.w.org\/{rel}","templated":true}]}}